{"id":1596,"date":"2024-01-18T08:56:03","date_gmt":"2024-01-18T07:56:03","guid":{"rendered":"https:\/\/itremedy.pl\/?page_id=1596"},"modified":"2024-01-18T09:00:23","modified_gmt":"2024-01-18T08:00:23","slug":"polityka-prywatnosci","status":"publish","type":"page","link":"https:\/\/itremedy.pl\/?page_id=1596","title":{"rendered":"Polityka prywatno\u015bci"},"content":{"rendered":"\t\t<div data-elementor-type=\"wp-page\" data-elementor-id=\"1596\" class=\"elementor elementor-1596\">\n\t\t\t\t<div class=\"elementor-element elementor-element-37ec976 e-flex e-con-boxed e-con e-parent\" data-id=\"37ec976\" data-element_type=\"container\" data-e-type=\"container\">\n\t\t\t\t\t<div class=\"e-con-inner\">\n\t\t\t\t<div class=\"elementor-element elementor-element-cca5f42 elementor-widget elementor-widget-text-editor\" data-id=\"cca5f42\" data-element_type=\"widget\" data-e-type=\"widget\" data-widget_type=\"text-editor.default\">\n\t\t\t\t<div class=\"elementor-widget-container\">\n\t\t\t\t\t\t\t\t\t<p><strong>Polityka prywatno\u015bci<\/strong><\/p><ol><li><strong> Postanowienia og\u00f3lne<\/strong><\/li><\/ol><ol><li>Polityka prywatno\u015bci okre\u015bla, jak zbierane, przetwarzane i przechowywane s\u0105 dane osobowe U\u017cytkownik\u00f3w niezb\u0119dne do \u015bwiadczenia us\u0142ug drog\u0105 elektroniczn\u0105 za po\u015brednictwem serwisu internetowego https:\/\/itremedy.pl (dalej: Serwis).<\/li><li>Serwis zbiera wy\u0142\u0105cznie dane osobowe niezb\u0119dne do \u015bwiadczenia i rozwoju us\u0142ug w nim oferowanych.<\/li><li>Dane osobowe zbierane za po\u015brednictwem Serwisu s\u0105 przetwarzane zgodnie z\u00a0Rozporz\u0105dzeniem Parlamentu Europejskiego i\u00a0Rady (UE) 2016\/679 z\u00a0dnia 27 kwietnia 2016 r. w\u00a0sprawie ochrony os\u00f3b fizycznych w\u00a0zwi\u0105zku z\u00a0przetwarzaniem danych osobowych i\u00a0w sprawie swobodnego przep\u0142ywu takich danych oraz uchylenia dyrektywy 95\/46\/WE (og\u00f3lne rozporz\u0105dzenie o\u00a0ochronie danych, dalej RODO) oraz ustaw\u0105 o ochronie danych osobowych z dnia 10 maja 2018 r.<\/li><\/ol><ol><li><strong> Administrator danych<\/strong><\/li><\/ol><p>Administratorem danych osobowych zbieranych poprzez Serwis jest Filip Dryla adres: Boles\u0142awa Chrobrego 94\/13, 87-100 Toru\u0144, Polska, NIP: 9562028646, REGON: 380695996, adres poczty elektronicznej: it@itremedy.pl (dalej: Administrator).<\/p><p><strong>III. Cel zbierania danych osobowych<\/strong><\/p><ol><li>Dane osobowe wykorzystywane s\u0105 w celu:<ul><li>rejestracji konta i weryfikacji to\u017csamo\u015bci U\u017cytkownika,<\/li><li>umo\u017cliwienia logowania do Serwisu,<\/li><li>realizacji umowy dotycz\u0105cej us\u0142ug i e-us\u0142ug,<\/li><li>komunikacji z U\u017cytkownikiem (livechat, formularz kontaktowy itp.)<\/li><li>wysy\u0142ki newslettera (po wyra\u017ceniu zgody U\u017cytkownika na jego otrzymywanie),<\/li><li>prowadzenia systemu komentarzy,<\/li><li>\u015bwiadczenia us\u0142ug spo\u0142eczno\u015bciowych,<\/li><li>promocji oferty Administratora,<\/li><li>marketingu, remarketingu, afiliacji,<\/li><li>personalizacji Serwisu dla U\u017cytkownik\u00f3w,<\/li><li>dzia\u0142a\u0144 analitycznych i statystycznych,<\/li><li>windykacji nale\u017cno\u015bci,<\/li><li>ustalenia i dochodzenia roszcze\u0144\u00a0albo obrony przed nimi.<\/li><\/ul><\/li><li>Podanie danych jest dobrowolne, ale niezb\u0119dne do zawarcia umowy albo skorzystania z innych funkcjonalno\u015bci Serwisu.<\/li><\/ol><ol><li><strong> Rodzaj przetwarzanych danych osobowych<\/strong><\/li><\/ol><p>Administrator mo\u017ce przetwarza\u0107\u00a0dane osobowe U\u017cytkownika: imi\u0119 i nazwisko, data urodzenia, adres zamieszkania, adres e-mail, numer telefonu, NIP.<\/p><ol><li><strong> Okres przetwarzania danych osobowych<\/strong><\/li><\/ol><p>Dane osobowe U\u017cytkownik\u00f3w b\u0119d\u0105 przetwarzane przez okres:<\/p><ul><li>gdy podstaw\u0105 przetwarzania danych jest wykonanie umowy \u2013 do momentu przedawnienia roszcze\u0144 po jej wykonaniu,<\/li><li>gdy podstaw\u0105 przetwarzania danych jest zgoda \u2013 do momentu jej odwo\u0142ania, a\u00a0po odwo\u0142aniu zgody do przedawnienia roszcze\u0144.<\/li><\/ul><p>W obu przypadkach termin przedawnienia wynosi 6 lat, a\u00a0dla roszcze\u0144 o\u00a0\u015bwiadczenia okresowe i roszcze\u0144 dotycz\u0105cych\u00a0prowadzenia dzia\u0142alno\u015bci gospodarczej \u2013 3 lata (je\u015bli przepis szczeg\u00f3lny nie stanowi inaczej).<\/p><ol><li><strong> Udost\u0119pnianie danych osobowych<\/strong><\/li><\/ol><ol><li>Dane osobowe U\u017cytkownik\u00f3w mog\u0105 by\u0107 przekazywane: podmiotom powi\u0105zanym z Administratorem, jego podwykonawcom, podmiotom wsp\u00f3\u0142pracuj\u0105cym z Administratorem np. firmom obs\u0142uguj\u0105cym e-p\u0142atno\u015bci, firmom \u015bwiadcz\u0105cym us\u0142ugi kurierskie\/pocztowe, kancelariom prawnym.<\/li><li>Dane osobowe U\u017cytkownik\u00f3w nie b\u0119d\u0105 przekazywane poza teren Europejskiego Obszaru Gospodarczego (EOG).<\/li><\/ol><p><strong>VII. Prawa U\u017cytkownik\u00f3w<\/strong><\/p><ol><li>U\u017cytkownik Serwisu ma prawo do: dost\u0119pu do tre\u015bci swoich danych osobowych, ich sprostowania, usuni\u0119cia, ograniczenia przetwarzania, przenoszenia, wniesienia sprzeciwu wobec przetwarzania, cofni\u0119cia zgody w ka\u017cdej chwili (co nie ma\u00a0wp\u0142ywu na zgodno\u015b\u0107 z prawem przetwarzania dokonanego w oparciu o zgod\u0119 przed jej cofni\u0119ciem).<\/li><li>Zg\u0142oszenie o wyst\u0105pieniu przez U\u017cytkownika z\u00a0uprawnieniem wynikaj\u0105cym z\u00a0wymienionych praw nale\u017cy przes\u0142a\u0107 na adres it@itremedy.pl<\/li><li>Administrator spe\u0142nia lub odmawia\u00a0spe\u0142nienia \u017c\u0105dania\u00a0niezw\u0142ocznie \u2013 maksymalnie w ci\u0105gu miesi\u0105ca od jego otrzymania.<\/li><li>U\u017cytkownik ma prawo z\u0142o\u017cy\u0107 skarg\u0119 do Prezesa Urz\u0119du Ochrony Danych Osobowych, je\u015bli uzna, \u017ce przetwarzanie narusza jego prawa i wolno\u015bci (RODO).<\/li><\/ol><p><strong>VIII. Pliki cookies<\/strong><\/p><ol><li>Serwis zbiera informacje za pomoc\u0105 plik\u00f3w cookies \u2013 sesyjnych, sta\u0142ych i podmiot\u00f3w zewn\u0119trznych.<\/li><li>Zbieranie plik\u00f3w cookies wspiera poprawne \u015bwiadczenie us\u0142ug w Serwisie i s\u0142u\u017cy celom statystycznym.<\/li><li>U\u017cytkownik mo\u017ce okre\u015bli\u0107 zakres dost\u0119pu plik\u00f3w cookies do swojego urz\u0105dzenia w ustawieniach przegl\u0105darki.<\/li><\/ol><ol><li><strong> Zautomatyzowane podejmowanie decyzji i profilowanie<\/strong><\/li><\/ol><ol><li>Dane U\u017cytkownik\u00f3w nie mog\u0105 by\u0107\u00a0przetwarzane w zautomatyzowany spos\u00f3b tak, \u017ce na skutek tego mog\u0142yby zapa\u015b\u0107 wobec nich jakiekolwiek decyzje.<\/li><li>Dane U\u017cytkownik\u00f3w mog\u0105 by\u0107 profilowane celem dostosowania tre\u015bci i personalizacji oferty po wyra\u017ceniu przez nich zgody.<\/li><\/ol><ol><li><strong> Postanowienia ko\u0144cowe<\/strong><\/li><\/ol><ol><li>Administrator ma prawo do wprowadzenia zmian w Polityce prywatno\u015bci, przy czym prawa U\u017cytkownik\u00f3w nie zostan\u0105 ograniczone.<\/li><li>Informacja o wprowadzonych zmianach pojawi si\u0119 w formie komunikatu dost\u0119pnego w Serwisie.<\/li><li>W sprawach nieuregulowanych w niniejszej Polityce prywatno\u015bci obowi\u0105zuj\u0105 przepisy RODO i przepisy prawa polskiego.<\/li><\/ol>\t\t\t\t\t\t\t\t<\/div>\n\t\t\t\t<\/div>\n\t\t\t\t\t<\/div>\n\t\t\t\t<\/div>\n\t\t\t\t<\/div>\n\t\t","protected":false},"excerpt":{"rendered":"<p>Polityka prywatno\u015bci Postanowienia og\u00f3lne Polityka prywatno\u015bci okre\u015bla, jak zbierane, przetwarzane i przechowywane s\u0105 dane osobowe U\u017cytkownik\u00f3w niezb\u0119dne do \u015bwiadczenia us\u0142ug drog\u0105 elektroniczn\u0105 za po\u015brednictwem serwisu internetowego https:\/\/itremedy.pl (dalej: Serwis). Serwis zbiera wy\u0142\u0105cznie dane osobowe niezb\u0119dne do \u015bwiadczenia i rozwoju us\u0142ug w nim oferowanych. Dane osobowe zbierane za po\u015brednictwem Serwisu s\u0105&#8230;<\/p>\n","protected":false},"author":1,"featured_media":0,"parent":0,"menu_order":0,"comment_status":"closed","ping_status":"closed","template":"templates\/full-width-page.php","meta":{"footnotes":""},"class_list":["post-1596","page","type-page","status-publish","hentry"],"yoast_head":"<!-- This site is optimized with the Yoast SEO plugin v27.5 - https:\/\/yoast.com\/product\/yoast-seo-wordpress\/ -->\n<title>Polityka prywatno\u015bci - ITremedy<\/title>\n<meta name=\"robots\" content=\"index, follow, max-snippet:-1, max-image-preview:large, max-video-preview:-1\" \/>\n<link rel=\"canonical\" href=\"https:\/\/itremedy.pl\/?page_id=1596\" \/>\n<meta property=\"og:locale\" content=\"pl_PL\" \/>\n<meta property=\"og:type\" content=\"article\" \/>\n<meta property=\"og:title\" content=\"Polityka prywatno\u015bci - ITremedy\" \/>\n<meta property=\"og:description\" content=\"Polityka prywatno\u015bci Postanowienia og\u00f3lne Polityka prywatno\u015bci okre\u015bla, jak zbierane, przetwarzane i przechowywane s\u0105 dane osobowe U\u017cytkownik\u00f3w niezb\u0119dne do \u015bwiadczenia us\u0142ug drog\u0105 elektroniczn\u0105 za po\u015brednictwem serwisu internetowego https:\/\/itremedy.pl (dalej: Serwis). Serwis zbiera wy\u0142\u0105cznie dane osobowe niezb\u0119dne do \u015bwiadczenia i rozwoju us\u0142ug w nim oferowanych. Dane osobowe zbierane za po\u015brednictwem Serwisu s\u0105...\" \/>\n<meta property=\"og:url\" content=\"https:\/\/itremedy.pl\/?page_id=1596\" \/>\n<meta property=\"og:site_name\" content=\"ITremedy\" \/>\n<meta property=\"article:modified_time\" content=\"2024-01-18T08:00:23+00:00\" \/>\n<meta name=\"twitter:card\" content=\"summary_large_image\" \/>\n<meta name=\"twitter:label1\" content=\"Szacowany czas czytania\" \/>\n\t<meta name=\"twitter:data1\" content=\"4 minuty\" \/>\n<script type=\"application\/ld+json\" class=\"yoast-schema-graph\">{\"@context\":\"https:\\\/\\\/schema.org\",\"@graph\":[{\"@type\":\"WebPage\",\"@id\":\"https:\\\/\\\/itremedy.pl\\\/?page_id=1596\",\"url\":\"https:\\\/\\\/itremedy.pl\\\/?page_id=1596\",\"name\":\"Polityka prywatno\u015bci - ITremedy\",\"isPartOf\":{\"@id\":\"https:\\\/\\\/itremedy.pl\\\/#website\"},\"datePublished\":\"2024-01-18T07:56:03+00:00\",\"dateModified\":\"2024-01-18T08:00:23+00:00\",\"breadcrumb\":{\"@id\":\"https:\\\/\\\/itremedy.pl\\\/?page_id=1596#breadcrumb\"},\"inLanguage\":\"pl-PL\",\"potentialAction\":[{\"@type\":\"ReadAction\",\"target\":[\"https:\\\/\\\/itremedy.pl\\\/?page_id=1596\"]}]},{\"@type\":\"BreadcrumbList\",\"@id\":\"https:\\\/\\\/itremedy.pl\\\/?page_id=1596#breadcrumb\",\"itemListElement\":[{\"@type\":\"ListItem\",\"position\":1,\"name\":\"Strona g\u0142\u00f3wna\",\"item\":\"https:\\\/\\\/itremedy.pl\\\/\"},{\"@type\":\"ListItem\",\"position\":2,\"name\":\"Polityka prywatno\u015bci\"}]},{\"@type\":\"WebSite\",\"@id\":\"https:\\\/\\\/itremedy.pl\\\/#website\",\"url\":\"https:\\\/\\\/itremedy.pl\\\/\",\"name\":\"ITremedy\",\"description\":\"Kompleksowa obs\u0142uga informatyczna dla firm \u2013 Toru\u0144 i okolice\",\"publisher\":{\"@id\":\"https:\\\/\\\/itremedy.pl\\\/#organization\"},\"potentialAction\":[{\"@type\":\"SearchAction\",\"target\":{\"@type\":\"EntryPoint\",\"urlTemplate\":\"https:\\\/\\\/itremedy.pl\\\/?s={search_term_string}\"},\"query-input\":{\"@type\":\"PropertyValueSpecification\",\"valueRequired\":true,\"valueName\":\"search_term_string\"}}],\"inLanguage\":\"pl-PL\"},{\"@type\":\"Organization\",\"@id\":\"https:\\\/\\\/itremedy.pl\\\/#organization\",\"name\":\"ITremedy\",\"url\":\"https:\\\/\\\/itremedy.pl\\\/\",\"logo\":{\"@type\":\"ImageObject\",\"inLanguage\":\"pl-PL\",\"@id\":\"https:\\\/\\\/itremedy.pl\\\/#\\\/schema\\\/logo\\\/image\\\/\",\"url\":\"https:\\\/\\\/itremedy.pl\\\/wp-content\\\/uploads\\\/2024\\\/01\\\/cropped-logo-itremedy-2.png\",\"contentUrl\":\"https:\\\/\\\/itremedy.pl\\\/wp-content\\\/uploads\\\/2024\\\/01\\\/cropped-logo-itremedy-2.png\",\"width\":200,\"height\":44,\"caption\":\"ITremedy\"},\"image\":{\"@id\":\"https:\\\/\\\/itremedy.pl\\\/#\\\/schema\\\/logo\\\/image\\\/\"}}]}<\/script>\n<!-- \/ Yoast SEO plugin. -->","yoast_head_json":{"title":"Polityka prywatno\u015bci - ITremedy","robots":{"index":"index","follow":"follow","max-snippet":"max-snippet:-1","max-image-preview":"max-image-preview:large","max-video-preview":"max-video-preview:-1"},"canonical":"https:\/\/itremedy.pl\/?page_id=1596","og_locale":"pl_PL","og_type":"article","og_title":"Polityka prywatno\u015bci - ITremedy","og_description":"Polityka prywatno\u015bci Postanowienia og\u00f3lne Polityka prywatno\u015bci okre\u015bla, jak zbierane, przetwarzane i przechowywane s\u0105 dane osobowe U\u017cytkownik\u00f3w niezb\u0119dne do \u015bwiadczenia us\u0142ug drog\u0105 elektroniczn\u0105 za po\u015brednictwem serwisu internetowego https:\/\/itremedy.pl (dalej: Serwis). Serwis zbiera wy\u0142\u0105cznie dane osobowe niezb\u0119dne do \u015bwiadczenia i rozwoju us\u0142ug w nim oferowanych. Dane osobowe zbierane za po\u015brednictwem Serwisu s\u0105...","og_url":"https:\/\/itremedy.pl\/?page_id=1596","og_site_name":"ITremedy","article_modified_time":"2024-01-18T08:00:23+00:00","twitter_card":"summary_large_image","twitter_misc":{"Szacowany czas czytania":"4 minuty"},"schema":{"@context":"https:\/\/schema.org","@graph":[{"@type":"WebPage","@id":"https:\/\/itremedy.pl\/?page_id=1596","url":"https:\/\/itremedy.pl\/?page_id=1596","name":"Polityka prywatno\u015bci - ITremedy","isPartOf":{"@id":"https:\/\/itremedy.pl\/#website"},"datePublished":"2024-01-18T07:56:03+00:00","dateModified":"2024-01-18T08:00:23+00:00","breadcrumb":{"@id":"https:\/\/itremedy.pl\/?page_id=1596#breadcrumb"},"inLanguage":"pl-PL","potentialAction":[{"@type":"ReadAction","target":["https:\/\/itremedy.pl\/?page_id=1596"]}]},{"@type":"BreadcrumbList","@id":"https:\/\/itremedy.pl\/?page_id=1596#breadcrumb","itemListElement":[{"@type":"ListItem","position":1,"name":"Strona g\u0142\u00f3wna","item":"https:\/\/itremedy.pl\/"},{"@type":"ListItem","position":2,"name":"Polityka prywatno\u015bci"}]},{"@type":"WebSite","@id":"https:\/\/itremedy.pl\/#website","url":"https:\/\/itremedy.pl\/","name":"ITremedy","description":"Kompleksowa obs\u0142uga informatyczna dla firm \u2013 Toru\u0144 i okolice","publisher":{"@id":"https:\/\/itremedy.pl\/#organization"},"potentialAction":[{"@type":"SearchAction","target":{"@type":"EntryPoint","urlTemplate":"https:\/\/itremedy.pl\/?s={search_term_string}"},"query-input":{"@type":"PropertyValueSpecification","valueRequired":true,"valueName":"search_term_string"}}],"inLanguage":"pl-PL"},{"@type":"Organization","@id":"https:\/\/itremedy.pl\/#organization","name":"ITremedy","url":"https:\/\/itremedy.pl\/","logo":{"@type":"ImageObject","inLanguage":"pl-PL","@id":"https:\/\/itremedy.pl\/#\/schema\/logo\/image\/","url":"https:\/\/itremedy.pl\/wp-content\/uploads\/2024\/01\/cropped-logo-itremedy-2.png","contentUrl":"https:\/\/itremedy.pl\/wp-content\/uploads\/2024\/01\/cropped-logo-itremedy-2.png","width":200,"height":44,"caption":"ITremedy"},"image":{"@id":"https:\/\/itremedy.pl\/#\/schema\/logo\/image\/"}}]}},"_links":{"self":[{"href":"https:\/\/itremedy.pl\/index.php?rest_route=\/wp\/v2\/pages\/1596","targetHints":{"allow":["GET"]}}],"collection":[{"href":"https:\/\/itremedy.pl\/index.php?rest_route=\/wp\/v2\/pages"}],"about":[{"href":"https:\/\/itremedy.pl\/index.php?rest_route=\/wp\/v2\/types\/page"}],"author":[{"embeddable":true,"href":"https:\/\/itremedy.pl\/index.php?rest_route=\/wp\/v2\/users\/1"}],"replies":[{"embeddable":true,"href":"https:\/\/itremedy.pl\/index.php?rest_route=%2Fwp%2Fv2%2Fcomments&post=1596"}],"version-history":[{"count":0,"href":"https:\/\/itremedy.pl\/index.php?rest_route=\/wp\/v2\/pages\/1596\/revisions"}],"wp:attachment":[{"href":"https:\/\/itremedy.pl\/index.php?rest_route=%2Fwp%2Fv2%2Fmedia&parent=1596"}],"curies":[{"name":"wp","href":"https:\/\/api.w.org\/{rel}","templated":true}]}}